+ 40 = n. Suppose 77 = 4*z - w + p, w = 5*z - 62. Calculate the greatest common factor of 117 and z.
13
Let h be 3/18*80*(-18)/60*-6. Let a be ((-20)/(-6))/(4/48). What is the greatest common divisor of a and h?
8
Let n(l) = -18*l**2 + 44*l + 9. Let w be n(2). Suppose 2*q + q = -2*c - 61, -109 = 5*q - 4*c. Let r = q - -71. Calculate the greatest common divisor of r and w.
25
Let v be -6 + 125 - -10 - 6. What is the greatest common factor of 57 and v?
3
Let n = -841 - -889. Calculate the greatest common factor of n and 60.
12
Let y(c) = 75*c + 346. Let x be y(-4). What is the greatest common divisor of x and 253?
23
Let d(l) = 25*l. Let n be d(6). Let a = -258 + 446. Suppose 4*r - a = -14*s + 10*s, 0 = 4*s - r - 203. Calculate the highest common factor of n and s.
50
Let v(g) = 5*g - 57. Let m be v(15). Let i be (-1)/(m/(-888))*3. Calculate the greatest common divisor of 37 and i.
37
Let n = -346 + 490. Let l(t) = -4*t - 21. Let z be l(-7). Let p(i) = 12*i - 48. Let c be p(z). Calculate the greatest common divisor of c and n.
36
Let q(x) = 26*x**3 - 2 + x**2 + 1 - x + 2. Let f be q(1). Suppose -66 - 123 = -21*g. Calculate the highest common divisor of g and f.
9
Let s = -32 + 34. Suppose -5*j - p + 6 = 0, -2*j + 0*p = -2*p - 12. Suppose 0 = s*w - 0 - 4, j*r + 3*w = 76. Calculate the greatest common divisor of r and 14.
7
Let b = -11013 + 15479. Calculate the highest common divisor of 116 and b.
58
Suppose 4*u = -d + 223, 211 = 4*u - 5*d + 30. Calculate the highest common divisor of u and 270.
54
Suppose -288405 = 3*q - 54*q. What is the greatest common divisor of 87 and q?
87
Suppose -5*p = -128*s + 129*s - 268, -4*p + 3*s + 241 = 0. Let h = -5 - -3. Let u be 1*(h - -13)*3. What is the highest common divisor of u and p?
11
Suppose u + 3*j = -11, 2*u + 3 = -3*j - 4. Suppose 0 = u*f, 2*f + f - 4 = q. Let z be (q/(-6))/(6/189). What is the highest common factor of 21 and z?
21
Suppose 4*v + 372 + 212 = 0. Let w = 153 + v. What is the highest common divisor of 91 and w?
7
Let h(w) = w**2 + 10. Let p be h(0). Let t be (-16)/(-10)*425/(-170). Let m be 870/(-75)*p/t. What is the greatest common factor of 1 and m?
1
Let g(h) = -h**2 - 14*h - 24. Let p be g(-11). Suppose p*s - 180 = 7*s. Suppose 112*a - 109*a - s = 0. Calculate the greatest common factor of a and 30.
30
Let o = -2438 - -2813. Calculate the greatest common factor of 15 and o.
15
Suppose -15*n + 18*n = 168. Let m = n + -29. Suppose -3*b = 3*a - 0*a - m, -5*b - 15 = -a. Calculate the highest common factor of 4 and a.
2
Suppose 47*z - 262 = -3*z + 1138. What is the highest common divisor of 476 and z?
28
Let i(r) = 15*r + 183. Let s be i(-9). Suppose 0 = -s*d + 8*d + 3080. What is the highest common factor of d and 55?
11
Let h(x) = -2*x**3 - 13*x**2 - 18*x + 2. Let q be h(-10). What is the greatest common divisor of q and 36?
18
Let k(l) = 6*l + 135. Let j be k(-21). What is the greatest common divisor of 927 and j?
9
Suppose 40*z + 150*z - 2836130 = 0. Calculate the greatest common divisor of z and 22.
11
Suppose 1 = -4*a + 9. Suppose a*c - 66 = -16. Let x(f) = f + 1. Let r be x(4). What is the highest common factor of c and r?
5
Suppose -2*u = u - 45. Suppose -t = 4*h - 5, 3*t = -t + 5*h - 64. Let z be 49/5 - (88/40)/t. Calculate the greatest common divisor of z and u.
5
Suppose 5*j + s = 5*s - 170, -4*j - 132 = -4*s. Let u be (j/95)/((-1)/10). What is the greatest common factor of u and 16?
4
Suppose -314*w + 293232 = -42120. What is the highest common factor of w and 132?
12
Let s = 17737 - 16687. What is the highest common divisor of 48 and s?
6
Suppose w - 56 = 64. Suppose 4*g + v - 213 = 185, 3*v + 506 = 5*g. Suppose 0*b - 3*z = 5*b - 165, 4*z = 4*b - g. What is the greatest common factor of b and w?
30
Let l(r) = 5*r + 55. Let o be l(-11). Suppose o = -4*g + 2*h + 394, -g + h = 3*g - 397. Calculate the highest common divisor of g and 250.
50
Let x be ((-3960)/(-27))/(-20)*(2 + 1). Let b be (x/10)/(328/(-40) - -8). Calculate the greatest common factor of b and 319.
11
Suppose -556 + 435 = -11*c. Let r = -21 + 98. What is the greatest common divisor of r and c?
11
Let d(h) = 4*h**3 - 34*h**2 - 17*h + 5. Let m be d(9). Calculate the highest common factor of m and 4382.
14
Let c(j) = -j + 1. Let u(y) = -2*y - 44. Let s(l) = -3*c(l) + u(l). Let x be s(0). Let f = x + 69. Calculate the highest common factor of f and 22.
22
Let d(z) = -2*z**3 - 7*z**2 + z - 9. Let y be d(-4). Suppose -2*f + y = f. Calculate the highest common divisor of 1 and f.
1
Let m(z) = 80*z - 1242. Let k be m(23). Calculate the highest common factor of k and 130.
26
Let q = -718 - -809. Suppose -q*o - 2175 = -96*o. What is the greatest common factor of o and 30?
15
Let b = 1056 - 286. What is the greatest common divisor of b and 490?
70
Let c be 525/((48/88)/((-8)/(-22))). What is the highest common factor of c and 30?
10
Suppose 5*a = -2*i + 2*a - 24, -3*i - 5*a - 38 = 0. Let l(n) = -9*n - 42. Let k be l(i). What is the highest common divisor of 30 and k?
6
Let j = 26201 - 26145. Calculate the greatest common divisor of j and 36.
4
Suppose 3*q = 2*s + 157, -q + 4*q - 5*s - 172 = 0. Suppose 0 = 10*c - 3546 + 606. What is the greatest common factor of q and c?
49
Suppose -49*h + 226 = -47*h. Suppose -475 = -7*q + h. What is the greatest common factor of 36 and q?
12
Let a(o) be the second derivative of -o**3/3 + 93*o**2/2 + 2*o + 5. Let v be a(30). What is the greatest common factor of v and 55?
11
Let i = 30793 + -12623. Calculate the highest common divisor of i and 230.
230
Let j(t) = -2*t**3 + t**2 - 1. Let n(y) = 11*y**3 + 7*y**2 - 4*y + 7. Let m(q) = 5*j(q) + n(q). Let s be m(-12). What is the highest common divisor of s and 30?
10
Let o(s) = -s**2 - 92*s - 621. Let k be o(-9). What is the greatest common divisor of k and 1233?
9
Suppose 0*n - 33 = 3*n - 3*x, 4*n + 56 = x. Let u = n + 37. Let z be (972/u - 24/132)*1. What is the greatest common factor of z and 66?
22
Let h be -1 + 66 + -3 + -12. Calculate the highest common factor of h and 7730.
10
Let h = 57 - -63. Suppose -4*k - h = -14*k. What is the greatest common factor of k and 60?
12
Let y be (-3 - ((-1412)/(-4) - -3)) + 2. Let r be 1/(-2) - y/34. What is the highest common factor of 20 and r?
10
Let a = 338 - 270. Let p = a - -106. Calculate the highest common factor of 290 and p.
58
Let z = 171 - 169. Let i = -6 - -6. Suppose -3*a - 5*b + 22 = i, 3 = -a + 4*b - 1. What is the greatest common factor of a and z?
2
Suppose -23*l + 18*l - 3*b = -3447, -2762 = -4*l + 2*b. Calculate the highest common factor of l and 12.
6
Let r be (510/(-2))/(2 + -3). Suppose -305*b = -290*b - r. What is the greatest common divisor of 221 and b?
17
Let s be (2/4*-1)/(1/(-4)). Let h(a) = -a**3 + 7*a**2 + 2*a - 7. Let z be h(6). Suppose 5*n + z = 151. What is the highest common factor of s and n?
2
Suppose 5*w = 4*a - 50, 44 - 125 = -5*a - 3*w. Let v(c) = -19*c + 286. Let z be v(a). Calculate the greatest common factor of 101 and z.
1
Let l(m) = m**3 - 5*m**2 - 45*m + 22. Let g be l(13). Let d = -425 + g. Calculate the greatest common factor of d and 130.
26
Let f(b) = b**3 - 19*b**2 + 60*b - 6. Let x be f(16). What is the greatest common factor of x and 310?
62
Let v(c) = c**2 + 14*c - 97. Let n = -252 - -261. Let q be v(n). What is the highest common divisor of 30 and q?
10
Suppose 429*x = 424*x + a + 9669, 2*a = 3*x - 5793. What is the greatest common factor of 495 and x?
45
Let u(b) = 16078*b**3 + 8*b**2 + 3*b - 12. Let n be u(1). What is the greatest common factor of 233 and n?
233
Suppose 80 = -d - 4*d. Suppose -98 = -2*v + 2*k, -7*k = 3*v - 2*k - 123. Let c = d + v. Calculate the highest common divisor of 75 and c.
15
Suppose 3*t = 2*w - 9430, 67*w - 18806 = 63*w - 3*t. What is the greatest common divisor of w and 52?
26
Suppose 5*a + 20 = 5*x, 5*x - 11 = -2*a + 9. Let i(h) = -4*h + 7 + x + 9 + 2*h**2 + 22*h. Let o be i(-8). Calculate the highest common factor of o and 28.
4
Let b = 29 - 16. Let c = 56 + 24. Suppose 2*x - n - c = 0, n - 4 = 3*n. Calculate the greatest common factor of x and b.
13
Suppose -191 + 81 = -22*w. Let q = -525 + 926. Suppose -w = 3*s - q. Calculate the greatest common factor of s and 12.
12
Let v = -36 - -29. Let t be (-25)/v - (-27)/63. 